93 - a. Suppose -4*i + p + 71 = 0, -5*i + v = -2*p + 6*p. What is the units digit of i?
8
Suppose -1 = -g + z + 9, g - 26 = 5*z. Suppose 11 + 19 = g*c. What is the units digit of c*(1 + (4 - -2))?
5
Suppose -31*b - 2312 = -13968. What is the tens digit of b?
7
Suppose 6*t = 3*t - 2*l + 323, -3*l = -t + 104. What is the hundreds digit of t?
1
What is the units digit of 43 + (-1)/1 - (-14 + 11)?
5
Let o(h) be the first derivative of -h**4/4 - 3*h**3 + h**2 - 3*h + 5. What is the units digit of o(-10)?
7
Let q = 245 - -59. What is the hundreds digit of q?
3
Suppose -8*t + 30 - 6 = 0. Suppose -3*p + 60 = k, 80 = -t*p + 7*p - 3*k. What is the units digit of p?
0
Let s(g) = g**2 - 5*g + 9. Let f be s(3). Suppose -f*b = -90 - 21. What is the tens digit of b?
3
Let o(f) = 3*f**2 + 18*f + 27. What is the tens digit of o(10)?
0
Suppose t - 2*j - 1622 = 0, t = 4*j + 1136 + 488. What is the hundreds digit of t?
6
Suppose 0 = l - 62 - 271. What is the units digit of (24/18)/(6/l)?
4
Let n be (-11)/(-2) - (-13)/(-26). Suppose -65 = -n*o + 2*p - 0*p, -p - 49 = -4*o. What is the tens digit of o?
1
Suppose 5*s - 4*b - 20989 = -4435, -4*s + 13236 = -5*b. What is the units digit of s?
4
Suppose 2725 + 835 = 8*m. What is the units digit of m?
5
Let y(a) = 3*a**2 + 5*a + 1. Let x be y(-2). Suppose -w + d + 15 = 0, -4*w - x*d = 19 - 100. What is the units digit of w?
8
Let i = -124 - -1240. What is the thousands digit of i?
1
Suppose i + 3*i - 1556 = 0. Suppose -12*u + 91 = -i. What is the units digit of u?
0
Suppose 5*c = 3*j + 9*c - 428, -j + 5*c + 168 = 0. Suppose -3*f + 68 = -j. What is the units digit of f?
2
Let q = 27 - 35. Let x = 73 - q. What is the units digit of x?
1
Let n(s) = 87*s + 6. Suppose -10 = -22*g + 17*g. Let i be n(g). Suppose -7*b + 3*b = -i. What is the tens digit of b?
4
Suppose -f + 6*f - 345 = 0. Let t be (f/2)/((-6)/(-8)). Let z = 64 - t. What is the units digit of z?
8
Let i(b) = b**2 + b - 32. Let u be (-472)/36 + (-1)/(-9). What is the units digit of i(u)?
4
Let z(o) = -2*o**3 - 23*o**2 - 12*o + 10. Let u be z(-11). What is the units digit of (8 - 7) + u*3?
4
Suppose -q - q + 30 = 0. Let p be 42/q + 3/15. Suppose 0 = 2*o - p*o + 6. What is the units digit of o?
6
Let m(x) = x**3 - 2*x**2 + 2*x - 2. Let z be m(2). Suppose -z*i + 3 = 3*c - 8*c, -c = 3*i + 4. What is the tens digit of (114/(-4))/(i/2)?
5
Suppose 2*a + 3*a + 930 = 2*j, -5*a = -10. What is the tens digit of j?
7
Let s be (-12)/(5 - 2) + 3. Let y(w) = 30*w + 3. Let o be y(s). What is the units digit of 3*(-3)/o*6?
2
Let l = -7 + 9. Let k(j) = j**2 - j + 2. Let w be k(l). Suppose w*r = 4*v + v - 14, 0 = 3*v + 5*r - 38. What is the units digit of v?
6
Let l(f) = 4*f**2 + f - 1. Let b be l(1). Let o(k) = b*k - 17*k**3 + 16*k**3 + 2 - 5*k - 9*k**2. What is the tens digit of o(-9)?
1
Let v(h) = h**3 - h**2 - 4*h. Let n be v(3). Let o be ((-6)/(-2) - 3) + n. What is the units digit of o + -4 + (2 - 1)?
3
Let t be (-5)/((-3)/(-6)*-2). Suppose 875 = 5*a + t. What is the tens digit of a?
7
Let v(d) = -78*d - 4. Let m be (-4)/30 - 252/135. What is the tens digit of v(m)?
5
What is the hundreds digit of (-118008)/(-168) + 12/21?
7
Let b be 1/(-3) - 406/42. What is the units digit of 726/10 - (-6)/b?
2
Let d be -2 + -4*(-44 + -3). Suppose 0*p - 3*p = -d. Suppose 173 - p = 3*z. What is the tens digit of z?
3
Suppose -122 = -18*k + 17*k. Let y = k + -58. What is the units digit of y?
4
Let q = 35 - 35. Suppose 0 = 4*s - q*s. Suppose 3*j + s*j = 4*r - 277, -5*r - 5*j = -320. What is the tens digit of r?
6
Suppose -a + 933 = h, -2*a = -0*h - 3*h + 2789. What is the hundreds digit of h?
9
Suppose -5*c - 2*l + 15135 = 3*l, 0 = -5*c - 2*l + 15144. What is the tens digit of c?
3
Let q be 4 - 0 - (8 - 599). Let h = q - 424. Suppose 4*z - h = -3. What is the units digit of z?
2
Suppose -2*k + 5*k = 36. Let z(h) = h**3 - 10*h**2 - 19*h + 20. What is the units digit of z(k)?
0
Suppose -4*r = -2*r - 280. Suppose -z - 3*z + r = 0. What is the tens digit of z?
3
Suppose -20 = -2*o - 2*o, -2 = -2*i - 2*o. Let h(j) = j - 3. Let z be h(0). What is the units digit of i/z*(-132)/(-8)?
2
Suppose -562 + 175 = -o. What is the hundreds digit of o?
3
Suppose -4*g + 15 = -5*u, -4*u + 7 = g - 2. What is the units digit of 584/4 + (4 - u) + -3?
6
Suppose 2*l + 2*l - 4*s + 44 = 0, 0 = l + 5*s - 1. Let r = 11 + l. Suppose -r = -c + 4. What is the units digit of c?
6
Let b = 4028 - -607. What is the tens digit of b?
3
Let s be 4 + (-3 - (-8)/(-4)). Let f be (0 - s)/((-5)/(-20)). Suppose -4*c + w + 45 = 0, -2*w = -f*c + 2*c + 18. What is the tens digit of c?
1
What is the units digit of 229*(-7 + 50/5)?
7
Let o be 1*(-18)/4*-38. Let p = o + -98. What is the tens digit of p?
7
Suppose -414 + 4842 = p + 4*l, -2*p - l = -8828. What is the units digit of p?
2
Let k(r) = r**3 + 33*r**2 + 97*r + 16. What is the thousands digit of k(-16)?
2
Suppose 2399 - 699 = 5*j. What is the hundreds digit of j?
3
Let o(k) = 6*k + 11. Let l(w) = -1. Let n be 2 + (-1 - -2 - 5). Let a(g) = n*l(g) - o(g). What is the units digit of a(-8)?
9
Let b = 1538 + -1006. What is the tens digit of b?
3
Let y = 2 - 14. What is the tens digit of (4/y - -1)*-3 - -91?
8
Let x = 1085 + -587. What is the hundreds digit of x?
4
What is the hundreds digit of (-80)/60*(0 - 1041/2)?
6
Let l be (-6 - 33) + 3*1. Let y = -6 - l. What is the units digit of (-26)/(-12) - 5/y?
2
Let q(z) = -z**3 + 2*z**2 - 1. Let r be q(-1). Suppose -r*b + 11 = t, 0*b + 2*t = -b + 13. What is the tens digit of b + -4 + (1 - -35)?
3
What is the hundreds digit of (234/24 + -3)*512/6?
5
Suppose 0*j = 13*j - 4*j. Suppose j = 3*h + t - 144, -4*h - 4 = 2*t - 198. What is the tens digit of h?
4
Let k(v) = 2*v**2 + 5*v - 7. Let c be (-1 - -2)/((-1)/5). What is the units digit of k(c)?
8
Suppose 0 = 4*l + 3*x - 29, 0 = -2*l - 2*l - 2*x + 26. Suppose 4*t = y + 88, 43 = 6*t - 5*t + l*y. Suppose 47 + t = 2*j. What is the tens digit of j?
3
Let j = 2778 - 1697. What is the tens digit of j?
8
Let t be (-2)/(-2) + (1 - 2). Let k = 31 - -3. Suppose t = j + j - k. What is the tens digit of j?
1
Let q be ((-4)/(-3))/((-4)/(-6)). Let b be q - -1*(57 - -2). Let g = -21 + b. What is the tens digit of g?
4
Let w(g) = g**2 + 9*g + 9. Let a be (-1 - 8/(-4)) + -12. What is the tens digit of w(a)?
3
Suppose 5*l = -4*g + 1343, -4*l - 1645 = -5*g + l. What is the tens digit of g?
3
Let k be -1 + (0 - 3) + 7. Suppose -k*y = -0*y + 2*n - 260, 0 = 2*y + n - 175. What is the units digit of y?
0
What is the units digit of (-9)/(-24) - ((-62410)/16 + -1)?
2
Suppose 0 = -4*k - 3*g + 5, 5 = 3*k - 0*k + g. Suppose -k*h = -9 + 3. Suppose 2*b + 20 = m - 0*m, h*m - 2*b = 40. What is the tens digit of m?
1
Let r(s) be the first derivative of -4*s**2 - 33*s + 6. What is the tens digit of r(-8)?
3
Suppose 2*o + 0 + 4 = 0. Let w be 2/o*(-4)/(-4). What is the tens digit of (3 - 2)*w - -24?
2
Suppose -v + 2 = -3*v, -5*v = 5*n - 600. What is the hundreds digit of n?
1
What is the hundreds digit of -148*-2*(-663)/(-52)?
7
Let r be ((-10)/(-50))/((-1)/5). What is the units digit of (-211)/r - (4 + -2 + -6)?
5
Let t = 524 - 742. Let u = 320 + t. What is the units digit of u?
2
Suppose l + 9 = 62. Let p = -24 + l. What is the units digit of 1*p*(7 + -6)?
9
Let d(n) = 30*n**2 - 27*n - 121. What is the tens digit of d(-5)?
6
Let o be 6/(-18)*24/(-2). Suppose -2*z = 5*t - 14, -5*z + t = o*t - 16. Suppose -2*f = 6, z*d + 75 = 5*d - 5*f. What is the units digit of d?
0
Suppose 8*v - 10404 - 10620 = 0. What is the hundreds digit of v?
6
Let k = -37 + 2144. What is the hundreds digit of k?
1
Suppose -a = -2*k + 2218, 3*k - a - 3806 = -478. What is the tens digit of k?
1
Suppose 58*o - 57*o - 76 = 0. What is the units digit of o?
6
Let j(d) be the third derivative of 5/24*d**4 - 13/6*d**3 - 11*d**2 + 0*d + 0. What is the units digit of j(11)?
2
Suppose 0 = 3*m + 5*n + 1, -21 = -5*m + 4*n - n. What is the units digit of (2 + -2)/m + 3?
3
Suppose 4*b = 668 + 1536. What is the hundreds digit of b?
5
What is the hundreds digit of 8970/15*(3 + -2)?
5
Let v(b) = -b**3 + 20*b**2 + b + 43. Let w be v(20). Suppose 19 = f - w. What is the tens digit of f?
8
Suppose -208 = -4*i + 2*i. What is the hundreds digit of i?
1
Suppose 0 = 2*n - 4*r - 282